{"id":15,"date":"2022-07-17T19:57:11","date_gmt":"2022-07-17T16:57:11","guid":{"rendered":"http:\/\/www.surok.fi\/koti\/?page_id=15"},"modified":"2026-01-25T17:03:01","modified_gmt":"2026-01-25T15:03:01","slug":"jasenyys","status":"publish","type":"page","link":"https:\/\/www.surok.fi\/koti\/jasenyys\/","title":{"rendered":"J\u00e4senpalvelut"},"content":{"rendered":"<h4>J\u00e4senasiat<\/h4>\n<p>J\u00e4senyysasioissa kuten osoitetiedot, j\u00e4senmaksut &#8211; ota yhteytt\u00e4 ensisijaisesti j\u00e4senrekisterin hoitajaan (jasenasiat@surok.fi). Katso osoitteet <a href=\"https:\/\/www.surok.fi\/koti\/yhteystiedot\/\">yhteystiedot<\/a> -sivuilta.<\/p>\n<p>Kasvatukseen liittyv\u00e4t asiat hoidetaan Kissaliiton Omakissa -palvelun kautta tai postitse Suomen Kissaliiton toimistolle (Suomen Kissaliitto ry, Palkkatilankatu 7 B 109, 00240 Helsinki)<\/p>\n<ul>\n<li>pentueiden rekister\u00f6innit<\/li>\n<li>pennun myynti-ilmoitukset<\/li>\n<li>kissan omistajuuden muutokset<\/li>\n<li>kasvattajanimihakemukset ja -muutokset<\/li>\n<li>kasvattajasopimus<\/li>\n<li>siitosuroksen omistajan sopimukset<\/li>\n<li>FIF\u00e9-tuontikissojen rekister\u00f6intihakemukset<\/li>\n<li>Transfer-anomukset<\/li>\n<li>kissojen v\u00e4rin\/sukupuolen\/rodun -muutokset<\/li>\n<\/ul>\n<h4>Kissojen valmistumiset<\/h4>\n<p>Tittelit kirjautuvat kissan tietoihin Omakissa-palveluun automaattisesti, mik\u00e4li kissan kaikki tulokset ovat rekister\u00f6ityn\u00e4 tietokantaan. Omakissa huomioi kotimaassa saavutetut n\u00e4yttelytulokset. Ulkomailla saavutetut tulokset pit\u00e4\u00e4 ilmoittaa itse Omakissaan k.o. kissan tiedoissa\u00a0Muutospyynn\u00f6t- v\u00e4lilehden kautta. Jos tuloksissa on puutteita, voit lis\u00e4t\u00e4 niit\u00e4 k\u00e4sittelyjonoon Muutospyynn\u00f6t-v\u00e4lilehden kautta.<\/p>\n<p>Ep\u00e4selviss\u00e4 tilanteissa tai esim. kyselyiss\u00e4 tuontikissan rekister\u00f6inti\u00e4 koskevissa asioissa, otathan yhteytt\u00e4 ensin omaan yhdistykseesi!<\/p>\n<h4>N\u00e4yttelyilmoittautumiset ulkomaisiin n\u00e4yttelyihin<\/h4>\n<p>Ulkomaisiin n\u00e4yttelyihin ilmoittaudutaan aina FIF\u00e9:n ilmoittautumislomakkeella &#8211; ei suomalaisella lomakkeella!<br \/>\nK\u00e4yt\u00e4 Kissaliiton sivuilta l\u00f6ytyv\u00e4\u00e4 lomaketta &#8220;N\u00e4yttelyilmoittautumislomake ulkomaille&#8221;. <a href=\"https:\/\/www.kissaliitto.fi\/lomakkeet\" target=\"_blank\" rel=\"noopener\">Linkki lomakkeisiin<\/a>.<\/p>\n<p>Ilmoittautumiset on toimitettava hyviss\u00e4 ajoin ennen n\u00e4yttelyn deadlinea.<\/p>\n<p>Sara Koskinen<br \/>\nilmot.ulkomaat@surok.fi<\/p>\n<p>Muistathan heti n\u00e4yttelymatkan j\u00e4lkeen ilmoittaa Omakissa-palvelun kautta ulkomaansertin kissan tietoihin! (Kirjaudu Omakissaan &gt; valitse kyseinen kissa &gt; Muutospyynt\u00f6-v\u00e4lilehdelt\u00e4 paina &#8220;lis\u00e4\u00e4&#8221; painiketta &gt;liit\u00e4 serteist\u00e4 s\u00e4hk\u00f6iset liitteet \/ valokuvat lomakkeelle &gt; valitse muutospyynn\u00f6n tyyppi &gt; Lopuksi paina &#8220;Tallenna&#8221;)<\/p>\n<h4>Osoitteenmuutokset<\/h4>\n<p>Osoitteen muutokset j\u00e4senpostia varten (Kissa-lehti &amp; SUROKISSA) tehd\u00e4\u00e4n ensisijaisesti Kissaliiton Omakissa-palvelun kautta: https:\/\/omakissa.kissaliitto.fi\/.<br \/>\nKirjaudu sis\u00e4\u00e4n Omakissaan omilla tunnuksillasi (= s\u00e4hk\u00f6posti &amp; salasana), ja klikkaa Yhteystiedot- n\u00e4kym\u00e4ss\u00e4 &#8216;Muokkaa tietoja&#8217;.<br \/>\n(Omakissan ohjeet http:\/\/www.kissaliitto.fi\/omakissa_kayttoohje)<br \/>\nJ\u00e4senrekisterin yll\u00e4pit\u00e4j\u00e4\u00e4n saat yhteyden osoitteella jasenasiat@surok.fi<\/p>\n<h4>Kasvattajan maksama j\u00e4senyys<\/h4>\n<p>Kasvattaja voi liitt\u00e4\u00e4 uuden j\u00e4senen (esim. pennun ostajan) rotukissayhdistykseen Omakissa-palvelussa.<br \/>\nT\u00e4ll\u00f6in ensimm\u00e4isen vuoden j\u00e4senyyden maksaa kasvattaja ja seuraavana vuonna varsinaisen j\u00e4senen lasku menee j\u00e4senelle itselleen.<\/p>\n<p>Toiminnallisuus on yhdistyskohtainen ja aktiivinen vain mik\u00e4li j\u00e4senell\u00e4 on kasvattajanimi.<\/p>\n<p>Kun kirjaudut sis\u00e4\u00e4n omilla tunnuksillasi, mene Kasvattajanimi -v\u00e4lilehdelle<br \/>\nPaina Luo kasvattajan maksama j\u00e4senyys -painiketta.<br \/>\nAnna seuraavat tiedot:<\/p>\n<ul>\n<li>Yhdistys, johon uusi j\u00e4sen liitet\u00e4\u00e4n (t\u00e4st\u00e4 l\u00f6ytyy yhdistykset, joissa kasvattaja itse on j\u00e4senen\u00e4)<\/li>\n<li>Liitett\u00e4v\u00e4n henkil\u00f6n s\u00e4hk\u00f6postiosoite<\/li>\n<li>Etu- ja sukunimi<\/li>\n<li>Tallenna tiedot<\/li>\n<\/ul>\n<p>T\u00e4m\u00e4n j\u00e4lkeen pyyd\u00e4mme kasvattajaa ilmoittamaan lis\u00e4tyn j\u00e4senen <strong>postiosoitteen<\/strong> viel\u00e4 j\u00e4senrekisterinhoitajalle, jotta yhteystiedot ovat my\u00f6s lehtien postitusta varten kunnossa. Lasku tulee s\u00e4hk\u00f6postiin ja n\u00e4kyy my\u00f6s Omakissassa-palvelussa Laskut -v\u00e4lilehdelt\u00e4. J\u00e4senyys astuu voimaan sen j\u00e4lkeen kun j\u00e4sensihteeri on j\u00e4senyyden vahvistanut.<\/p>\n<h4>\u00c4\u00e4nivaltaisuuden ilmoitus yhdistykselle<\/h4>\n<p>Muista aina vuoden vaihteessa tarkistaa Omakissasta, ett\u00e4 SUROK on merkitty \u00e4\u00e4nivaltaasi k\u00e4ytt\u00e4v\u00e4ksi yhdistykseksi Kissaliiton p\u00e4\u00e4t\u00f6sten teossa &#8211; silloin valtuutat yhdistyksesi edustamaan sinua Kissaliiton liittokokouksissa!\u00a0 Mik\u00e4li kuulut useampaan yhdistykseen, tulee ilmoitus \u00e4\u00e4nivallan k\u00e4yt\u00f6st\u00e4 tehd\u00e4\u00e4n Kissaliiton Omakissa -j\u00e4rjestelm\u00e4n kautta. Jos ainoa yhdistyksesi on SUROK, ei \u00e4\u00e4nivaltaisuutta tarvitse erikseen m\u00e4\u00e4ritt\u00e4\u00e4.<\/p>\n<h4>Inside kasvattaja- ja pentulistaus<\/h4>\n<p>SUROKilaiset kasvattajat voivat lis\u00e4t\u00e4 yhteystietonsa kasvattajalistaan ja saatavilla olevat pennut pentulistalle itse <strong><em><a href=\"https:\/\/www.surok.fi\/koti\/inside\/inside.php\" target=\"_blank\" rel=\"noopener\">SUROK Inside<\/a><\/em><\/strong>-palvelun kautta. <span style=\"color: #ff0000;\">Vaatimuksena Inside-listausten k\u00e4ytt\u00f6\u00f6n on, ett\u00e4 j\u00e4sen\u00a0 antaa \u00e4\u00e4nivaltansa SUROKille &#8211; tarkistamme t\u00e4m\u00e4n s\u00e4\u00e4nn\u00f6llisesti.<\/span> Tunnukset Inside-palveluun saat t\u00e4ytt\u00e4m\u00e4ll\u00e4 <strong><a href=\"https:\/\/forms.gle\/UZrUiKQpL5sMWDgD9\">tunnuspyynt\u00f6-lomakkeen<\/a>.<\/strong><br \/>\nMik\u00e4li t\u00e4h\u00e4n ei ole mahdollisuutta, pennut lis\u00e4t\u00e4\u00e4n pyynn\u00f6st\u00e4 listalle kun rekister\u00f6inti on aloitettu Omakissassa.<\/p>\n<p>Pentujen poistaminen k\u00e4y my\u00f6s Inside-palvelun kautta tai ilmoittamalla asiasta pentulistan yll\u00e4pit\u00e4j\u00e4lle s\u00e4hk\u00f6postilla ositteella inside(@)surok.fi.<\/p>\n<h4>SUROKin Vuoden Kissa<\/h4>\n<p>SUROK palkitsee joka vuosi edellisen vuoden n\u00e4yttelyiss\u00e4 parhaiten menestyneet kissat ja kasvattajat. Vuoden Kissat poimitaan suoraan Kissaliiton listoilta ja palkitaan n\u00e4yttelyss\u00e4mme.<\/p>\n<p>Kisaan osallistumisen ehtona on, ett\u00e4 kissan\/kissojen kaikki omistajat ovat SUROKin j\u00e4seni\u00e4 ja antavat \u00e4\u00e4nens\u00e4 SUROKille. Kasvattajaluokkiin osallistuvat kasvattajat, jotka ovat SUROKin j\u00e4seni\u00e4 ja antavat \u00e4\u00e4nens\u00e4 SUROKille. Yhteisomistajuusnimiss\u00e4 edellyt\u00e4mme kaikkien j\u00e4senyytt\u00e4 ja \u00e4\u00e4nen antamista.<\/p>\n<p>Ohessa Kissaliiton ohjeita Vuoden Kissa -kisaan:<br \/>\nKaikki kilpailuvuoden aikana kotimaisiin n\u00e4yttelyihin osallistuneet Kissaliiton rekisteriin merkityt kissat osallistuvat automaattisesti Vuoden Kissa-kilpailuun. Kissan omistaja voi halutessaan kielt\u00e4\u00e4 kissansa ottamisen mukaan kilpailuun ilmoittamalla siit\u00e4 kirjallisesti liiton toimistoon viimeist\u00e4\u00e4n seuraavan vuoden tammikuun 15. p\u00e4iv\u00e4\u00e4n menness\u00e4. Ilmoituksen voi tehd\u00e4 jo kilpailuvuoden kuluessa, vaikka heti vuoden alettua, jos omistaja n\u00e4in haluaa.<br \/>\nTulokset poimitaan Suomen Kissaliiton kissapistelaskennasta Omakissa-j\u00e4rjestelm\u00e4ss\u00e4.<\/p>\n<p>Vuoden alkupuolella SUROK on henkil\u00f6kohtaisesti yhteydess\u00e4 voittajiin.<br \/>\nSUROKin voittajat julkaistaan heti Kissaliiton vahvistettujen tulosten tultua.<\/p>\n<p>&nbsp;<\/p>\n<p>&nbsp;<\/p>\n<p>&nbsp;<\/p>\n<p>&nbsp;<\/p>\n<p>&nbsp;<\/p>\n","protected":false},"excerpt":{"rendered":"<p>J\u00e4senasiat J\u00e4senyysasioissa kuten osoitetiedot, j\u00e4senmaksut &#8211; ota yhteytt\u00e4 ensisijaisesti j\u00e4senrekisterin hoitajaan (jasenasiat@surok.fi). Katso osoitteet yhteystiedot -sivuilta. Kasvatukseen liittyv\u00e4t asiat hoidetaan Kissaliiton Omakissa -palvelun kautta tai postitse Suomen Kissaliiton toimistolle (Suomen Kissaliitto ry, Palkkatilankatu 7 B 109, 00240 Helsinki) pentueiden rekister\u00f6innit pennun myynti-ilmoitukset kissan omistajuuden muutokset kasvattajanimihakemukset ja -muutokset kasvattajasopimus siitosuroksen&#8230;<\/p>\n<p> <a class=\"continue-reading-link\" href=\"https:\/\/www.surok.fi\/koti\/jasenyys\/\"><span>Continue reading<\/span><i class=\"crycon-right-dir\"><\/i><\/a> <\/p>\n","protected":false},"author":1,"featured_media":0,"parent":0,"menu_order":0,"comment_status":"closed","ping_status":"closed","template":"","meta":{"footnotes":""},"class_list":["post-15","page","type-page","status-publish","hentry"],"_links":{"self":[{"href":"https:\/\/www.surok.fi\/koti\/wp-json\/wp\/v2\/pages\/15","targetHints":{"allow":["GET"]}}],"collection":[{"href":"https:\/\/www.surok.fi\/koti\/wp-json\/wp\/v2\/pages"}],"about":[{"href":"https:\/\/www.surok.fi\/koti\/wp-json\/wp\/v2\/types\/page"}],"author":[{"embeddable":true,"href":"https:\/\/www.surok.fi\/koti\/wp-json\/wp\/v2\/users\/1"}],"replies":[{"embeddable":true,"href":"https:\/\/www.surok.fi\/koti\/wp-json\/wp\/v2\/comments?post=15"}],"version-history":[{"count":11,"href":"https:\/\/www.surok.fi\/koti\/wp-json\/wp\/v2\/pages\/15\/revisions"}],"predecessor-version":[{"id":844,"href":"https:\/\/www.surok.fi\/koti\/wp-json\/wp\/v2\/pages\/15\/revisions\/844"}],"wp:attachment":[{"href":"https:\/\/www.surok.fi\/koti\/wp-json\/wp\/v2\/media?parent=15"}],"curies":[{"name":"wp","href":"https:\/\/api.w.org\/{rel}","templated":true}]}}