{"id":19,"date":"2022-07-17T19:53:32","date_gmt":"2022-07-17T16:53:32","guid":{"rendered":"http:\/\/www.surok.fi\/koti\/?page_id=19"},"modified":"2026-04-08T20:19:43","modified_gmt":"2026-04-08T17:19:43","slug":"pentulista","status":"publish","type":"page","link":"https:\/\/www.surok.fi\/koti\/pentulista\/","title":{"rendered":"Pentulista"},"content":{"rendered":"<h3 class=\"style1\" style=\"text-align: left;\"><span style=\"color: #000000;\">Pentulista<\/span><\/h3>\n<p class=\"style1\" style=\"text-align: left;\">Pentulistaltamme l\u00f6yd\u00e4t tiedot yhdistyksemme kasvattajien kotia etsivist\u00e4 pennuista. Kaikki v\u00e4litett\u00e4v\u00e4t pennut ovat puhdasrotuisia ja FIFeen (Suomen Kissaliitto) rekister\u00f6ityj\u00e4 rotukissoja, ja ne luovutetaan aikaisintaan 14 viikkoa t\u00e4ytt\u00e4nein\u00e4, ja pentujen tulee olla kahteen kertaan rokotettuja luovutushetkell\u00e4.<\/p>\n<p class=\"style1\" style=\"text-align: left;\"><strong>Rotuneuvonta:\u00a0<\/strong><br \/>\npuheenjohtaja Pia Nyman, 050-5432 987 tai sihteeri Kirsi Ovaskainen, 050-469 0960<\/p>\n\n<p>&nbsp;<\/p>\n<hr \/>\n<p><strong>Kasvattajat:<\/strong><br \/>\nLis\u00e4\u00e4 pennut listalle itse <a href=\"https:\/\/www.surok.fi\/surokinside\/\" target=\"_blank\" rel=\"noopener\">SUROK Inside<\/a>-palvelun kautta. Mik\u00e4li t\u00e4h\u00e4n ei ole mahdollisuutta, pennut lis\u00e4t\u00e4\u00e4n listalle kasvattajan pyynn\u00f6st\u00e4 ilmoittamalla asiasta pentulistan yll\u00e4pit\u00e4j\u00e4lle s\u00e4hk\u00f6postilla inside(@)surok.fi.<\/p>\n<p><span style=\"color: #ff0000;\">Vaatimuksena Inside-listausten k\u00e4ytt\u00f6\u00f6n on, ett\u00e4 j\u00e4sen\u00a0 antaa \u00e4\u00e4nivaltansa SUROKille &#8211; tarkistamme t\u00e4m\u00e4n s\u00e4\u00e4nn\u00f6llisesti.<\/span> Tunnukset Inside-palveluun saat t\u00e4ytt\u00e4m\u00e4ll\u00e4 <strong><a href=\"https:\/\/www.surok.fi\/surokinside\/pyyda-tunnukset.php\">tunnuspyynt\u00f6-lomakkeen<\/a>.<\/strong><br \/>\nMik\u00e4li t\u00e4h\u00e4n ei ole mahdollisuutta, pennut lis\u00e4t\u00e4\u00e4n pyynn\u00f6st\u00e4 listalle kun rekister\u00f6inti on aloitettu Omakissassa.<\/p>\n<p class=\"style1\" style=\"text-align: left;\">Pentujen poistaminen k\u00e4y my\u00f6s Inside-palvelun kautta tai ilmoittamalla asiasta pentulistan yll\u00e4pit\u00e4j\u00e4lle s\u00e4hk\u00f6postilla inside(@)surok.fi.<br \/>\nHuolehdithan omalta osaltasi, ett\u00e4 tiedot ovat ajan tasalla,\u00a0 jo myytyj\u00e4 pentuja ei saisi listalla pit\u00e4\u00e4!<br \/>\nListalta poistetaan automaattisesti kaikki 10 kk t\u00e4ytt\u00e4neet pennut.<\/p>\n<p>&nbsp;<\/p>\n<p>&nbsp;<\/p>\n<p>&nbsp;<\/p>\n","protected":false},"excerpt":{"rendered":"<p>Pentulista Pentulistaltamme l\u00f6yd\u00e4t tiedot yhdistyksemme kasvattajien kotia etsivist\u00e4 pennuista. Kaikki v\u00e4litett\u00e4v\u00e4t pennut ovat puhdasrotuisia ja FIFeen (Suomen Kissaliitto) rekister\u00f6ityj\u00e4 rotukissoja, ja ne luovutetaan aikaisintaan 14 viikkoa t\u00e4ytt\u00e4nein\u00e4, ja pentujen tulee olla kahteen kertaan rokotettuja luovutushetkell\u00e4. Rotuneuvonta:\u00a0 puheenjohtaja Pia Nyman, 050-5432 987 tai sihteeri Kirsi Ovaskainen, 050-469 0960 &nbsp; Kasvattajat: Lis\u00e4\u00e4&#8230;<\/p>\n<p> <a class=\"continue-reading-link\" href=\"https:\/\/www.surok.fi\/koti\/pentulista\/\"><span>Continue reading<\/span><i class=\"crycon-right-dir\"><\/i><\/a> <\/p>\n","protected":false},"author":1,"featured_media":0,"parent":0,"menu_order":0,"comment_status":"closed","ping_status":"closed","template":"","meta":{"footnotes":""},"class_list":["post-19","page","type-page","status-publish","hentry"],"_links":{"self":[{"href":"https:\/\/www.surok.fi\/koti\/wp-json\/wp\/v2\/pages\/19","targetHints":{"allow":["GET"]}}],"collection":[{"href":"https:\/\/www.surok.fi\/koti\/wp-json\/wp\/v2\/pages"}],"about":[{"href":"https:\/\/www.surok.fi\/koti\/wp-json\/wp\/v2\/types\/page"}],"author":[{"embeddable":true,"href":"https:\/\/www.surok.fi\/koti\/wp-json\/wp\/v2\/users\/1"}],"replies":[{"embeddable":true,"href":"https:\/\/www.surok.fi\/koti\/wp-json\/wp\/v2\/comments?post=19"}],"version-history":[{"count":15,"href":"https:\/\/www.surok.fi\/koti\/wp-json\/wp\/v2\/pages\/19\/revisions"}],"predecessor-version":[{"id":964,"href":"https:\/\/www.surok.fi\/koti\/wp-json\/wp\/v2\/pages\/19\/revisions\/964"}],"wp:attachment":[{"href":"https:\/\/www.surok.fi\/koti\/wp-json\/wp\/v2\/media?parent=19"}],"curies":[{"name":"wp","href":"https:\/\/api.w.org\/{rel}","templated":true}]}}