{"id":205,"date":"2022-09-26T20:00:02","date_gmt":"2022-09-26T17:00:02","guid":{"rendered":"http:\/\/www.surok.fi\/?page_id=205"},"modified":"2026-04-08T20:21:22","modified_gmt":"2026-04-08T17:21:22","slug":"inside-kasvattaja-ja-pentulistaus","status":"publish","type":"page","link":"https:\/\/www.surok.fi\/koti\/yhdistys\/inside-kasvattaja-ja-pentulistaus\/","title":{"rendered":"Inside kasvattaja- ja pentulistaus"},"content":{"rendered":"<p>SUROK tarjoaa kotisivujensa kautta kissaa etsiville listauksen SUROKin kasvattajista ja heid\u00e4n saatavilla olevista pennuistaan.<\/p>\n<p><span style=\"font-size: 10.5pt; font-family: 'Trebuchet MS',sans-serif; color: #2d2d2d;\">Pentulistalta l\u00f6ytyv\u00e4t tiedot yhdistyksen kasvattajien kotia etsivist\u00e4 pennuista. Kaikkien v\u00e4litett\u00e4vien pentujen tulee olla puhdasrotuisia ja <strong><span style=\"font-family: 'Trebuchet MS',sans-serif;\">FIFeen (Suomen Kissaliitto)<\/span><\/strong> rekister\u00f6ityj\u00e4 rotukissoja, ja ne luovutetaan aikaisintaan 14 viikkoa t\u00e4ytt\u00e4nein\u00e4<\/span><\/p>\n<p><span style=\"font-size: 10.5pt; font-family: 'Trebuchet MS',sans-serif; color: #2d2d2d;\">SUROKilaiset kasvattajat voivat lis\u00e4t\u00e4 yhteystietonsa kasvattajalistaan ja saatavilla olevat pennut pentulistalle itse <\/span><strong><em><a href=\"https:\/\/www.surok.fi\/surokinside\/\" target=\"_blank\" rel=\"noopener\"><span style=\"font-size: 10.5pt; font-family: 'Trebuchet MS',sans-serif; color: #0e75ab;\">SUROK Inside<\/span><\/a><\/em><\/strong><span style=\"font-size: 10.5pt; font-family: 'Trebuchet MS',sans-serif; color: #2d2d2d;\">-palvelun kautta. Tunnukset Inside-palveluun saat t\u00e4ytt\u00e4m\u00e4ll\u00e4 <strong><a href=\"https:\/\/www.surok.fi\/surokinside\/pyyda-tunnukset.php\">tunnuspyynt\u00f6-lomakkeen<\/a>.<\/strong><br \/>\n<span style=\"color: #ff0000;\">Edellytyksen\u00e4 tunnuksien saantiin on, ett\u00e4 kasvattaja on SUROKin \u00e4\u00e4nivaltainen j\u00e4sen.\u00a0<\/span><\/span><\/p>\n<p><span style=\"font-size: 10.5pt; font-family: 'Trebuchet MS',sans-serif; color: #2d2d2d;\">Pentujen lis\u00e4ys ja poistaminen listalle k\u00e4y Inside-palvelun kautta tai ilmoittamalla asiasta pentulistan yll\u00e4pit\u00e4j\u00e4lle s\u00e4hk\u00f6postilla inside(@)surok.fi.\u00a0<\/span><\/p>\n<p><span style=\"font-size: 10.5pt; font-family: 'Trebuchet MS',sans-serif; color: #2d2d2d;\">Huolehdithan omalta osaltasi, ett\u00e4 tiedot ovat ajan tasalla sek\u00e4 kasvattajatiedoissa ett\u00e4 pentulistalla.<br \/>\nListalta poistetaan automaattisesti kaikki 10 kk t\u00e4ytt\u00e4neet pennut.\u00a0<\/span><\/p>\n","protected":false},"excerpt":{"rendered":"<p>SUROK tarjoaa kotisivujensa kautta kissaa etsiville listauksen SUROKin kasvattajista ja heid\u00e4n saatavilla olevista pennuistaan. Pentulistalta l\u00f6ytyv\u00e4t tiedot yhdistyksen kasvattajien kotia etsivist\u00e4 pennuista. Kaikkien v\u00e4litett\u00e4vien pentujen tulee olla puhdasrotuisia ja FIFeen (Suomen Kissaliitto) rekister\u00f6ityj\u00e4 rotukissoja, ja ne luovutetaan aikaisintaan 14 viikkoa t\u00e4ytt\u00e4nein\u00e4 SUROKilaiset kasvattajat voivat lis\u00e4t\u00e4 yhteystietonsa kasvattajalistaan ja saatavilla olevat&#8230;<\/p>\n<p> <a class=\"continue-reading-link\" href=\"https:\/\/www.surok.fi\/koti\/yhdistys\/inside-kasvattaja-ja-pentulistaus\/\"><span>Continue reading<\/span><i class=\"crycon-right-dir\"><\/i><\/a> <\/p>\n","protected":false},"author":2,"featured_media":0,"parent":11,"menu_order":4,"comment_status":"closed","ping_status":"closed","template":"","meta":{"footnotes":""},"class_list":["post-205","page","type-page","status-publish","hentry"],"_links":{"self":[{"href":"https:\/\/www.surok.fi\/koti\/wp-json\/wp\/v2\/pages\/205","targetHints":{"allow":["GET"]}}],"collection":[{"href":"https:\/\/www.surok.fi\/koti\/wp-json\/wp\/v2\/pages"}],"about":[{"href":"https:\/\/www.surok.fi\/koti\/wp-json\/wp\/v2\/types\/page"}],"author":[{"embeddable":true,"href":"https:\/\/www.surok.fi\/koti\/wp-json\/wp\/v2\/users\/2"}],"replies":[{"embeddable":true,"href":"https:\/\/www.surok.fi\/koti\/wp-json\/wp\/v2\/comments?post=205"}],"version-history":[{"count":8,"href":"https:\/\/www.surok.fi\/koti\/wp-json\/wp\/v2\/pages\/205\/revisions"}],"predecessor-version":[{"id":965,"href":"https:\/\/www.surok.fi\/koti\/wp-json\/wp\/v2\/pages\/205\/revisions\/965"}],"up":[{"embeddable":true,"href":"https:\/\/www.surok.fi\/koti\/wp-json\/wp\/v2\/pages\/11"}],"wp:attachment":[{"href":"https:\/\/www.surok.fi\/koti\/wp-json\/wp\/v2\/media?parent=205"}],"curies":[{"name":"wp","href":"https:\/\/api.w.org\/{rel}","templated":true}]}}