{"id":21,"date":"2022-07-17T19:53:41","date_gmt":"2022-07-17T16:53:41","guid":{"rendered":"http:\/\/www.surok.fi\/koti\/?page_id=21"},"modified":"2026-04-08T19:11:51","modified_gmt":"2026-04-08T16:11:51","slug":"kasvattajat","status":"publish","type":"page","link":"https:\/\/www.surok.fi\/koti\/kasvattajat\/","title":{"rendered":"Kasvattajat"},"content":{"rendered":"<h2><span style=\"color: #000000;\">Kasvattajat<\/span><\/h2>\n<p>Kasvattajalistaltamme voit etsi\u00e4 sinua kiinnostavia kasvattajia. Kasvattajien saatavilla olevat pennut l\u00f6yd\u00e4t <a href=\"https:\/\/www.surok.fi\/pentulista\/\">Pentulistaltamme<\/a>.<\/p>\n<p><a href=\"#kategoria1\"><strong>Kategoria 1<\/strong><\/a><br \/>\n<a href=\"#rotu-exo\">Exotic<\/a> | <a href=\"#rotu-per\">Persialainen<\/a> | <a href=\"#rotu-sbi\">Pyh\u00e4 birma<\/a> | <a href=\"#rotu-rag\">Ragdoll<\/a> | <a href=\"#rotu-tuv\">Turkkilainen van<\/a><\/p>\n<p><a href=\"#kategoria2\"><strong>Kategoria 2<\/strong><\/a><br \/>\n<a href=\"#rotu-acs\">American Curl<\/a> | <a href=\"#rotu-lps\">Laperm<\/a> | <a href=\"#rotu-mco\">Maine coon<\/a> | <a href=\"#rotu-nem\">Neva masquerade<\/a> | <a href=\"#rotu-nfo\">Norjalainen mets\u00e4kissa<\/a> | <a href=\"#rotu-sib\">Siperian kissa<\/a> | <a href=\"#rotu-tua\">Turkkilainen angora<\/a><\/p>\n<p><a href=\"#kategoria3\"><strong>Kategoria 3<\/strong><\/a><br \/>\n<a href=\"#rotu-ben\">Bengali<\/a> | <a href=\"#rotu-bml\">Burmilla<\/a> | <a href=\"#rotu-bom\">Bombay<\/a> | <a href=\"#rotu-bsh\">Brittil\u00e4inen lyhytkarva<\/a> | <a href=\"#rotu-blh\">Brittil\u00e4inen pitk\u00e4karva<\/a> | <a href=\"#rotu-bur\">Burma<\/a> | <a href=\"#rotu-cha\">Kartusiaani<\/a> | <a href=\"#rotu-cym\">Cymric<\/a> | <a href=\"#rotu-eur\">Eurooppalainen<\/a> | <a href=\"#rotu-kbs\">Kuriilien bobtail<\/a> | <a href=\"#rotu-kor\">Korat<\/a> | <a href=\"#rotu-man\">Manx<\/a> | <a href=\"#rotu-mau\">Egyptin mau<\/a> | <a href=\"#rotu-oci\">Ocicat<\/a> | <a href=\"#rotu-sin\">Singapura<\/a> | <a href=\"#rotu-sno\">Snowshoe<\/a> | <a href=\"#rotu-sok\">Sokoke<\/a> | <a href=\"#rotu-srs\">Selkirk rex<\/a><\/p>\n<p><a href=\"#kategoria4\"><strong>Kategoria 4<\/strong><\/a><br \/>\n<a href=\"#rotu-aby\">Abessinialainen<\/a> | <a href=\"#rotu-bal\">Balineesi<\/a> | <a href=\"#rotu-crx\">Cornish rex<\/a> | <a href=\"#rotu-drx\">Devon rex<\/a> | <a href=\"#rotu-dsp\">Don sfinx<\/a> | <a href=\"#rotu-grx\">German rex<\/a> | <a href=\"#rotu-jbt\">Japanin bobtail<\/a> | <a href=\"#rotu-lyo\">Lykoi<\/a> | <a href=\"#rotu-olh\">It\u00e4mainen pitk\u00e4karva<\/a> | <a href=\"#rotu-osh\">It\u00e4mainen lyhytkarva<\/a> | <a href=\"#rotu-peb\">Peterbald<\/a> | <a href=\"#rotu-rus\">Ven\u00e4j\u00e4nsininen<\/a> | <a href=\"#rotu-sia\">Siamilainen<\/a> | <a href=\"#rotu-som\">Somali<\/a> | <a href=\"#rotu-sph\">Sfinx<\/a> | <a href=\"#rotu-tha\">Thai<\/a><\/p>\n\n<p>&nbsp;<\/p>\n<p>&nbsp;<\/p>\n<p><strong>Kasvattajat:<\/strong><br \/>\nKasvattajatietojen yll\u00e4pito toimii <a href=\"https:\/\/www.surok.fi\/koti\/inside\/inside.php\" target=\"_blank\" rel=\"noopener\">SUROK Inside-palvelun kautta<\/a>. Jos olet SUROKin \u00e4\u00e4nivaltainen j\u00e4sen, voit pyyt\u00e4\u00e4 itsellesi Inside-tunnukset. <span style=\"color: #ff0000;\">Vaatimuksena Inside-listausten k\u00e4ytt\u00f6\u00f6n on, ett\u00e4 j\u00e4sen\u00a0 antaa \u00e4\u00e4nivaltansa SUROKille &#8211; tarkistamme t\u00e4m\u00e4n s\u00e4\u00e4nn\u00f6llisesti.<\/span> Tunnukset Inside-palveluun saat t\u00e4ytt\u00e4m\u00e4ll\u00e4 <strong><a href=\"https:\/\/forms.gle\/UZrUiKQpL5sMWDgD9\">tunnuspyynt\u00f6-lomakkeen<\/a>.<\/strong><\/p>\n<p>Huolehdithan aina ett\u00e4 kaikki omat tietosi ovat ajan tasalla! Kasvattajan j\u00e4senyyden p\u00e4\u00e4ttyess\u00e4 poistamme kissalan my\u00f6s kasvattajalistalta<\/p>\n","protected":false},"excerpt":{"rendered":"<p>Kasvattajat Kasvattajalistaltamme voit etsi\u00e4 sinua kiinnostavia kasvattajia. Kasvattajien saatavilla olevat pennut l\u00f6yd\u00e4t Pentulistaltamme. Kategoria 1 Exotic | Persialainen | Pyh\u00e4 birma | Ragdoll | Turkkilainen van Kategoria 2 American Curl | Laperm | Maine coon | Neva masquerade | Norjalainen mets\u00e4kissa | Siperian kissa | Turkkilainen angora Kategoria 3 Bengali&#8230;<\/p>\n<p> <a class=\"continue-reading-link\" href=\"https:\/\/www.surok.fi\/koti\/kasvattajat\/\"><span>Continue reading<\/span><i class=\"crycon-right-dir\"><\/i><\/a> <\/p>\n","protected":false},"author":1,"featured_media":0,"parent":0,"menu_order":0,"comment_status":"closed","ping_status":"closed","template":"","meta":{"footnotes":""},"class_list":["post-21","page","type-page","status-publish","hentry"],"_links":{"self":[{"href":"https:\/\/www.surok.fi\/koti\/wp-json\/wp\/v2\/pages\/21","targetHints":{"allow":["GET"]}}],"collection":[{"href":"https:\/\/www.surok.fi\/koti\/wp-json\/wp\/v2\/pages"}],"about":[{"href":"https:\/\/www.surok.fi\/koti\/wp-json\/wp\/v2\/types\/page"}],"author":[{"embeddable":true,"href":"https:\/\/www.surok.fi\/koti\/wp-json\/wp\/v2\/users\/1"}],"replies":[{"embeddable":true,"href":"https:\/\/www.surok.fi\/koti\/wp-json\/wp\/v2\/comments?post=21"}],"version-history":[{"count":29,"href":"https:\/\/www.surok.fi\/koti\/wp-json\/wp\/v2\/pages\/21\/revisions"}],"predecessor-version":[{"id":962,"href":"https:\/\/www.surok.fi\/koti\/wp-json\/wp\/v2\/pages\/21\/revisions\/962"}],"wp:attachment":[{"href":"https:\/\/www.surok.fi\/koti\/wp-json\/wp\/v2\/media?parent=21"}],"curies":[{"name":"wp","href":"https:\/\/api.w.org\/{rel}","templated":true}]}}