{"id":60,"date":"2022-07-18T09:24:48","date_gmt":"2022-07-18T06:24:48","guid":{"rendered":"http:\/\/www.surok.fi\/koti\/?page_id=60"},"modified":"2026-01-28T19:22:02","modified_gmt":"2026-01-28T17:22:02","slug":"liity-surokiin","status":"publish","type":"page","link":"https:\/\/www.surok.fi\/koti\/jasenyys\/liity-surokiin\/","title":{"rendered":"Liity SUROKiin"},"content":{"rendered":"<p>Oletko ostanut kissanpennun ja kaipaat tietoa sen hoidosta?<br \/>\nKiinnostaako rotukissatoiminta?<br \/>\nHaluaisitko tutustua kissan\u00e4yttelyihin?<\/p>\n<h4><a href=\"https:\/\/omakissa.kissaliitto.fi\/rekisteroidy.aspx?yhdistys=3023\" target=\"_blank\" rel=\"noopener\">LIITY SUROKIIN!<\/a><\/h4>\n<p><strong>SUROKin j\u00e4senmaksut 2026<\/strong><strong>:<\/strong><br \/>\nVarsinainen j\u00e4sen 28 \u20ac<br \/>\nVarsinainen ilman Kissa-lehte\u00e4 (saa Surokissan) 21\u20ac<br \/>\nPerhej\u00e4sen (ei lehti\u00e4) 11 \u20ac<br \/>\nEl\u00e4kel\u00e4is- ja nuorisoj\u00e4sen 21 \u20ac<br \/>\n(SUROKin) Kasvattajan maksama j\u00e4sen 20 \u20ac<br \/>\nKannatusj\u00e4sen (yritys) 100 \u20ac<br \/>\nAinaisj\u00e4sen 280 \u20ac<\/p>\n<p>Hyv\u00e4ksymme uudet j\u00e4senanomukset ja kuittaamme maksut muutaman kerran viikossa, ja j\u00e4senyys on voimassa t\u00e4m\u00e4n j\u00e4lkeen.<br \/>\nTervetuloa mukaan Suomen vanhimpaan ja suurimpaan kissayhdistykseen!<\/p>\n<p><a href=\"https:\/\/www.surok.fi\/koti\/yhdistys\/tietosuojaseloste\/\">Yhdistyksen rekisteriseloste<\/a><\/p>\n","protected":false},"excerpt":{"rendered":"<p>Oletko ostanut kissanpennun ja kaipaat tietoa sen hoidosta? Kiinnostaako rotukissatoiminta? Haluaisitko tutustua kissan\u00e4yttelyihin? LIITY SUROKIIN! SUROKin j\u00e4senmaksut 2026: Varsinainen j\u00e4sen 28 \u20ac Varsinainen ilman Kissa-lehte\u00e4 (saa Surokissan) 21\u20ac Perhej\u00e4sen (ei lehti\u00e4) 11 \u20ac El\u00e4kel\u00e4is- ja nuorisoj\u00e4sen 21 \u20ac (SUROKin) Kasvattajan maksama j\u00e4sen 20 \u20ac Kannatusj\u00e4sen (yritys) 100 \u20ac Ainaisj\u00e4sen 280&#8230;<\/p>\n<p> <a class=\"continue-reading-link\" href=\"https:\/\/www.surok.fi\/koti\/jasenyys\/liity-surokiin\/\"><span>Continue reading<\/span><i class=\"crycon-right-dir\"><\/i><\/a> <\/p>\n","protected":false},"author":2,"featured_media":0,"parent":15,"menu_order":1,"comment_status":"closed","ping_status":"closed","template":"","meta":{"footnotes":""},"class_list":["post-60","page","type-page","status-publish","hentry"],"_links":{"self":[{"href":"https:\/\/www.surok.fi\/koti\/wp-json\/wp\/v2\/pages\/60","targetHints":{"allow":["GET"]}}],"collection":[{"href":"https:\/\/www.surok.fi\/koti\/wp-json\/wp\/v2\/pages"}],"about":[{"href":"https:\/\/www.surok.fi\/koti\/wp-json\/wp\/v2\/types\/page"}],"author":[{"embeddable":true,"href":"https:\/\/www.surok.fi\/koti\/wp-json\/wp\/v2\/users\/2"}],"replies":[{"embeddable":true,"href":"https:\/\/www.surok.fi\/koti\/wp-json\/wp\/v2\/comments?post=60"}],"version-history":[{"count":12,"href":"https:\/\/www.surok.fi\/koti\/wp-json\/wp\/v2\/pages\/60\/revisions"}],"predecessor-version":[{"id":848,"href":"https:\/\/www.surok.fi\/koti\/wp-json\/wp\/v2\/pages\/60\/revisions\/848"}],"up":[{"embeddable":true,"href":"https:\/\/www.surok.fi\/koti\/wp-json\/wp\/v2\/pages\/15"}],"wp:attachment":[{"href":"https:\/\/www.surok.fi\/koti\/wp-json\/wp\/v2\/media?parent=60"}],"curies":[{"name":"wp","href":"https:\/\/api.w.org\/{rel}","templated":true}]}}